e
Suppose -6*s + 16218 + 36456 = 0. Is s a prime number?
True
Suppose 7 = 3*f + 4. Let i(b) = 840*b**3 - 3*b + 2. Is i(f) composite?
False
Is ((-426)/355)/(2*(-1)/115) a composite number?
True
Suppose 7*f + 4*d - 59198 = 5*f, -d = 2. Is f prime?
False
Let s = 17237 + -9096. Is s a prime number?
False
Let v(b) = -23*b - 3. Let q be v(-1). Suppose -114 = 18*x - q*x. Is x/(-3)*-3 - 4 composite?
False
Let r(m) = -17*m**2 + 13*m - 25. Let n be r(-14). Let c = n + 8584. Is c a composite number?
True
Let a be (-2)/6 - (-64)/12. Suppose -5*q + w = -9, a*w - 5 = q - 2. Is 2*(3 - q) + 21 prime?
True
Let f = 1517 - -452. Is f a prime number?
False
Suppose -4*u - i + 2*i + 7518 = 0, 3*i - 6 = 0. Suppose u + 1710 = 5*k. Is k composite?
True
Let a(l) = l**3 - 37*l**2 - 11*l - 8. Is a(38) a prime number?
False
Suppose -51*f = -34*f - 298707. Is f composite?
True
Let r = -1709 + 5200. Is r a prime number?
True
Suppose 0 = -5*m - 3 + 13. Suppose -m*f + 5745 = q, -5*q + 4*f - 8*f = -28707. Is q a prime number?
False
Let j(m) = -m**3 - 195*m**2 - 3 - 8*m**3 + 193*m**2. Is j(-4) composite?
False
Let c(r) = 4*r**2 + 2*r + 7. Let h be (45/5)/3 - 1/(-1). Is c(h) a prime number?
True
Let a = -2 - 6. Let d be (-639)/(-6)*a/(-6). Let v = -65 + d. Is v composite?
True
Suppose 4*w + 3 + 1 = 0. Let a be -1*(0 + w) + 2. Is (-1)/((-382)/127 + a) a composite number?
False
Suppose 0 = -r + 4*r + 120. Let t = r - -56. Suppose 2*j = t + 10. Is j a composite number?
False
Let a(y) = -y**2 + 9*y + 7. Let p be a(9). Let u = 183 + -78. Suppose -p*b - u = -10*b. Is b a composite number?
True
Let a(s) = 19*s. Let y(x) = 48*x. Let u(p) = -12*a(p) + 5*y(p). Let r be u(3). Is (r - 2) + 2 - 2 composite?
True
Is 32566407/474 + (0 - 3/(-2)) a prime number?
False
Suppose 5*b = 3*g - 9, -5*b - g = 2 - 5. Suppose b = -h - 3*w + 2*w + 4, -5*w + 15 = 4*h. Suppose -h*u + 776 = -u. Is u a prime number?
False
Let z be 0 + -1 - -3 - 1. Let m(g) = 77*g**2 + g - 1. Let t be m(z). Let u = t + 330. Is u a prime number?
False
Suppose 0 = 10*x + 5 + 15. Let z be 36 + (-1)/1*1. Is x/(-1) + 1*z a prime number?
True
Let i(j) = -j + 7. Let b be i(2). Suppose 3*v - 915 = -3*x, 0*v = b*x - 4*v - 1543. Is x prime?
True
Suppose 17 + 0 = -4*h - 5*d, 0 = -2*h - 3*d - 9. Let b(m) = -632*m + 1. Is b(h) a composite number?
True
Let i = -337 - -238. Let d be 2/12 - i/54. Suppose -2*c - b = d*b - 1126, c - 5*b = 563. Is c composite?
False
Let o(p) = -6*p**2 + 1. Let j be 8/(-2)*8/(-32). Let u be o(j). Let a(s) = -15*s - 6. Is a(u) composite?
True
Let y = 280 + -440. Let b = y - -321. Is b prime?
False
Let m be (7/4)/(4/(-16)). Is m/(4/16*-2) a prime number?
False
Suppose 2*c - 29269 = -i, -i = -2*c + 5*c - 43903. Suppose 5*h = c + 1751. Is h a composite number?
True
Suppose -4*g = 5*b - 5*g + 7, -2*g = -4. Let t(q) = -483*q + 4. Is t(b) prime?
True
Let b(o) = 4*o**2 - 3*o - 1. Let u(l) = l**2 - l. Let y(h) = b(h) - 3*u(h). Let k be y(-3). Is 464/(-12)*(-12)/k a composite number?
True
Let g = -3337 + 9974. Is g a composite number?
False
Let h(x) = -50*x - 5*x + 18*x. Is h(-1) a prime number?
True
Let f = -16148 + 31297. Is f a prime number?
True
Let o(d) be the second derivative of 1/2*d**2 - 1/2*d**3 + 0 + 3/4*d**5 - 5*d + 1/4*d**4. Is o(2) composite?
False
Let n(b) = 792*b - 34. Let h be n(-4). Let l = -2039 - h. Is l a prime number?
True
Let o(y) = -y + 2*y - y - 5*y**3 - y**2. Let g be o(-1). Suppose -106 = g*d - 6*d. Is d a composite number?
False
Let z = -689 + 1561. Let c be (-19)/((6/(-14))/(-3)). Let l = z + c. Is l prime?
True
Let p = -24 - -48. Let j be p/2 - (-2)/1. Let c = j + -11. Is c composite?
False
Let o = -292 + 847. Let x = o - 166. Is x composite?
False
Let w = 5 - 0. Let m be (-21)/(-2) + w/10. Suppose -100 - m = -j. Is j a prime number?
False
Suppose -3*c = h + 499, c + 191 = -2*h - 797. Let k = -292 - h. Is k a prime number?
False
Let f be (0 + 2)/(2/(-4)). Let m = 103 - 106. Is (m - f)/(4/212) a prime number?
True
Suppose n + 10 = -3*c - 1, -4*n - 8 = 3*c. Let w = 4 - n. Suppose -g - 3*j + 127 = 0, -2*g + g + w*j = -103. Is g a composite number?
True
Is 38/6*(170 + 1453) composite?
True
Suppose -k + 41 = -3*p - p, -p - 4*k + 11 = 0. Let u = p + 7. Is 89/2*(0 - u) a composite number?
False
Let h(q) = 68*q**2 - 4*q + 25. Suppose -2*v + 7*v = 0, 2*x - 8 = v. Is h(x) composite?
False
Let o(z) = -z**2 - 21 + 6*z + 13*z - 8 - 2*z. Is o(12) prime?
True
Let j(r) = 8*r**3 - 6*r**2 + 8*r + 7. Is j(7) a composite number?
True
Let w = 835 - 416. Is w a composite number?
False
Suppose -1440369 = -250*r + 223*r. Is r composite?
True
Let z be (-370)/(-25) - 1/(-5). Suppose -3*t + z = 2*t + 4*d, 0 = -2*t + 5*d + 6. Suppose -482 - 187 = -t*m. Is m composite?
False
Suppose -2*d - 5*x = -32, 5*x + 94 = 3*d + d. Is ((-2454)/9)/((-14)/d) prime?
True
Suppose 4*b - 34333 = -5*k + 7*b, b = 2*k - 13733. Is k a composite number?
True
Let u be 16/8 + (2291 - 1). Let h = 3262 - u. Suppose 0 = -5*c + 3*c + h. Is c a composite number?
True
Let z(f) = 982*f + 91. Is z(3) a composite number?
False
Let o = 121 + 252. Suppose 4*b + 2*c - 786 = 0, 4*b - 2*c = 359 + 415. Let d = o - b. Is d a composite number?
True
Suppose 3*m - 5*l - 17 = -0*l, -m - l = -11. Let g = m - 7. Is (-7484)/(-12) + g/(-3) a composite number?
True
Let z be 1/(1/(-3))*6080/(-57). Suppose 5*v + w - z = 146, 5*v - 4*w - 486 = 0. Is v composite?
True
Let g = 83384 - 48693. Is g a composite number?
True
Let c(m) = 2*m + 1 - m**3 + 2*m**3 - 9*m**2 + 17*m - 6*m. Let h be c(10). Let s = 62 + h. Is s a composite number?
False
Let v = 23 + -14. Let s(u) = 19*u - 28. Let d be s(v). Let a = d + 42. Is a composite?
True
Let g be -367 + (-1 - 0) - -2. Let h = -112 - g. Let w = h - 43. Is w a prime number?
True
Let b = -229 + 1459. Let m = b + -763. Is m prime?
True
Let f(r) = 28*r**3 + 8*r**2 - 6*r - 5. Is f(6) a prime number?
False
Let k(z) = 113*z - 16. Let p be k(7). Let n = p - 326. Is n prime?
True
Suppose -r = -2*l + 78, -l = r - 2*r - 83. Is ((-38)/(-4))/((-4)/r) a prime number?
False
Let u = 18270 - 601. Is u composite?
False
Let g(r) = -r**3 + 18*r**2 + 15*r - 11. Suppose 3*k + 78 = 5*v, -42 = -3*v - 2*k + 1. Is g(v) composite?
True
Let r(x) = -3030*x - 8. Is r(-1) a prime number?
False
Let u = 261 + 370. Is u composite?
False
Suppose u = 3*n + 104, -5*u = -2*u + 2*n - 257. Is u a prime number?
True
Suppose -m = 5*s + 6, -3*m = -0*s - s + 18. Let p(j) be the second derivative of -j**3 - 5*j**2/2 + j. Is p(m) a composite number?
False
Suppose -z + 6*z + 27 = 4*i, 0 = i - 5*z - 18. Suppose 0*j = 2*j + 2*w - 34, j = -i*w + 13. Suppose 2*v = 2*r - r - j, 36 = 2*r - 3*v. Is r prime?
False
Let z = 5185 + -14275. Let b = 9 + -5. Is b/(-22) - z/22 prime?
False
Is -1 - 48/(-60) - (-102386)/5 a composite number?
False
Let w = -6626 - -10809. Is w a composite number?
True
Suppose -10*g + 5*g + 17242 = 3*l, -2*g - 11500 = -2*l. Is l composite?
False
Suppose 4*t - 42 = -5*y, -3*t = 2*y + 9 - 23. Let h(o) = -50*o - 9. Let m(w) = 25*w + 4. Let x(a) = 3*h(a) + 7*m(a). Is x(y) a composite number?
False
Suppose -16*x + 125323 = -5*x. Is x a composite number?
False
Let b(h) = 13*h**2 - 2*h - 1. Let s be b(-1). Let p = s + -12. Suppose 0*v = -p*v + 170. Is v prime?
False
Let w(s) = -466*s + 219. Is w(-2) a composite number?
False
Let d(v) = -8*v**3 - 11*v**2 - 15*v - 13. Is d(-6) composite?
False
Let c = -4 + 0. Is 16/c - (-4 - 3457) a composite number?
False
Let q(y) = -7*y**3 - y**2 - 8*y + 7. Let x(r) = -13*r**3 - 2*r**2 - 15*r + 13. Let h(b) = 11*q(b) - 6*x(b). Is h(4) composite?
True
Is (60658/78)/((-2)/(-6)) composite?
False
Let f(x) = 15*x**2 + x - 1. Let j be (20/(-2))/(-1 + -1). Let r be f(j). Suppose 0 = -4*u + 1431 - r. Is u a composite number?
False
Suppose -2*v - v - 4*j - 180 = 0, 5*v = 4*j - 300. Let o = -17 - v. Suppose o = z + k, 3*k + 4 = 4*k. Is z a prime number?
False
Is 862/4*(12 - (-4 - 6)) composite?
True
Is 411*(-5)/(-1) + 8/(-4) a prime number?
True
Suppose 2 = w - 1. Suppose -9 - 3 = -w*y. Suppose -q - 4*r + 64 = 14, 0 = 2*q + y*r - 96. Is q composite?
True
Let z(w) = 320*w**2 - 5*w - 4. Is z(3) a composite number?
False
Suppose 49*h - 46*h = -5*f + 24558, -f = -3*h + 24576. Is h a prime number?
True
Let i(s) = -s**3 - 4*s**2 - 4*s - 15. Let d be i